ulate the greatest common factor of 121133 and 406.
29
Calculate the greatest common divisor of 347776 and 33.
11
What is the highest common divisor of 2916517 and 7409?
239
What is the highest common divisor of 242671 and 1300?
13
Calculate the highest common divisor of 117 and 206030799.
117
Calculate the greatest common divisor of 2542238 and 6.
2
What is the highest common divisor of 20962 and 70?
2
Calculate the highest common factor of 221261040 and 1560.
1560
What is the greatest common factor of 1352 and 634819432?
1352
What is the highest common factor of 3120 and 10494640?
1040
Calculate the greatest common divisor of 39030380 and 80.
20
What is the highest common factor of 490 and 33139190?
490
What is the greatest common factor of 284708 and 29539?
109
Calculate the highest common factor of 981612 and 398330.
122
What is the highest common divisor of 87 and 142595407?
29
Calculate the greatest common divisor of 53473 and 5467.
7
What is the greatest common divisor of 733521382 and 23?
23
Calculate the highest common factor of 1249537461 and 1338.
669
Calculate the greatest common divisor of 284 and 615792.
4
Calculate the greatest common divisor of 22858 and 3071284.
2078
What is the highest common factor of 2453010 and 140?
70
What is the highest common divisor of 589034 and 9952?
622
What is the highest common factor of 8749 and 14963?
13
Calculate the greatest common divisor of 41477240 and 490.
70
Calculate the greatest common divisor of 32675032 and 776.
776
Calculate the greatest common divisor of 2425 and 31319942.
97
What is the greatest common factor of 297047 and 2059?
29
Calculate the highest common factor of 7136 and 278973.
223
What is the greatest common factor of 66150 and 1220400?
1350
What is the greatest common factor of 1543328 and 414202?
5674
Calculate the greatest common divisor of 102975 and 309.
3
Calculate the highest common factor of 10486419 and 2751.
393
Calculate the highest common factor of 684508 and 6392.
188
Calculate the highest common divisor of 113160 and 769212.
276
Calculate the highest common factor of 627 and 537933.
33
Calculate the highest common factor of 3564 and 5619042.
198
Calculate the greatest common factor of 1169451 and 639.
9
Calculate the greatest common divisor of 283068 and 4266.
54
Calculate the highest common divisor of 53126 and 537046.
526
Calculate the greatest common factor of 183987430 and 2125.
85
Calculate the greatest common divisor of 1009350 and 1242.
18
Calculate the greatest common divisor of 65712 and 418026.
222
What is the greatest common factor of 33917232 and 9915?
1983
Calculate the highest common factor of 1449 and 7888149.
207
What is the highest common factor of 40 and 779657290?
10
Calculate the greatest common divisor of 552979 and 7.
7
What is the highest common factor of 629 and 660455032?
629
Calculate the highest common factor of 198789 and 182160.
69
What is the highest common divisor of 84406371 and 6405?
1281
What is the greatest common divisor of 57116323 and 11?
11
What is the highest common divisor of 4104329 and 7672463?
9749
Calculate the greatest common factor of 57120 and 268576.
224
Calculate the greatest common factor of 97200 and 297621.
27
What is the highest common divisor of 3892 and 13748212?
556
Calculate the highest common divisor of 389520 and 720071.
541
Calculate the highest common divisor of 3843 and 3807.
9
What is the greatest common factor of 2873204 and 113458?
1598
What is the highest common divisor of 870458 and 1129718?
298
What is the highest common divisor of 1672 and 2645256?
152
What is the highest common factor of 3571160 and 32?
8
Calculate the greatest common factor of 140 and 12566988.
28
Calculate the highest common divisor of 73111000 and 75052.
2588
What is the greatest common divisor of 1455 and 122705?
485
Calculate the highest common divisor of 406488 and 600.
24
Calculate the highest common divisor of 21382550 and 75.
25
Calculate the highest common divisor of 358028748 and 36.
36
What is the greatest common factor of 8706 and 28993882?
2902
Calculate the highest common divisor of 849330227 and 111.
37
What is the highest common factor of 83 and 3706592918?
83
What is the greatest common factor of 3844 and 9573?
1
What is the highest common divisor of 1577268 and 882?
126
Calculate the greatest common factor of 25485 and 6400133.
1699
Calculate the greatest common factor of 966496 and 7904.
32
What is the highest common divisor of 32993590 and 4060?
2030
What is the greatest common divisor of 432 and 18173052?
108
What is the highest common divisor of 5716170 and 162?
162
Calculate the greatest common divisor of 3634 and 902338.
158
Calculate the highest common factor of 79886 and 900222.
118
What is the highest common divisor of 1326863 and 2813?
97
Calculate the greatest common divisor of 9016219 and 3053.
71
Calculate the greatest common divisor of 9496 and 52.
4
Calculate the greatest common factor of 10565636 and 340.
68
Calculate the greatest common factor of 16620978 and 198.
66
Calculate the greatest common factor of 123464960 and 3840.
1280
Calculate the highest common divisor of 164 and 36836.
4
What is the highest common factor of 397848 and 79734?
822
Calculate the highest common factor of 310 and 180243145.
155
What is the greatest common factor of 5500980 and 56613?
501
Calculate the greatest common factor of 351091823 and 19.
19
Calculate the greatest common factor of 2291 and 2539139.
79
What is the highest common factor of 5228820 and 375532?
1684
What is the greatest common factor of 4138428 and 1311?
57
What is the highest common divisor of 10109 and 754499?
919
Calculate the greatest common factor of 693579 and 126.
3
Calculate the highest common divisor of 101824075 and 29435.
4205
What is the highest common factor of 571453078 and 322?
322
What is the greatest common divisor of 11224663 and 569?
569
What is the greatest common factor of 2908015 and 19240?
185
What is the greatest common divisor of 26166 and 1184412?
534
What is the greatest common factor of 488684 and 4163796?
868
Calculate the greatest common divisor of 7591759 and 519.
173
Calculate the highest common divisor of 283432347 and 99.
99
Calculate the highest common divisor of 1367496 and 13172376.
11688
Calculate the greatest common factor of 372 and 48286452.
12
What is the greatest common factor of 4409417 and 9233?
1319
What is the highest common divisor of 207792 and 15725814?
2886
Calculate the greatest common divisor of 28864 and 85772.
164
Calculate the greatest common factor of 8449 and 378714.
497
What is the highest common factor of 7677 and 11275807?
853
What is the greatest common factor of 239561602 and 28?
14
What is the highest common divisor of 5497354 and 2046?
62
Calculate the highest common divisor of 47116211 and 614.
307
Calculate the highest common factor of 281814 and 7020.
78
Calculate the greatest common divisor of 688172 and 61490.
86
Calculate the greatest common divisor of 263213334 and 1242.
1242
What is the greatest common factor of 3615 and 132960?
15
Calculate the highest common divisor of 140 and 19912956.
28
What is the highest common divisor of 271 and 1731403011?
271
Calculate the greatest common divisor of 4830364 and 37422.
154
Calculate the highest common divisor of 14007 and 341103.
21
What is the highest common factor of 4467785 and 428?
107
What is the highest common factor of 31609 and 7957?
73
Calculate the greatest common factor of 240161 and 20139.
137
Calculate the highest common factor of 821264 and 169008.
16
What is the greatest common factor of 81848730 and 348?
174
What is the greatest common divisor of 26477 and 12798019?
2407
Calculate the greatest common factor of 3912 and 13544.
8
What is the greatest common factor of 461490964 and 3784?
1892
What is the highest common divisor of 6757 and 704359?
233
What is the greatest common divisor of 472149 and 116?
29
Calculate the highest common factor of 4161 and 2473629.
57
Calculate the greatest common divisor of 104134244 and 464.
116
Calculate the greatest common divisor of 892380 and 130660.
2780
What is the greatest common factor of 116566552 and 136?
136
What is the highest common factor of 44600 and 23780?
20
